 d(5)?
6
Suppose -11*j + 3*j + 40 = 0. Let n(o) = j*o - 7 + 8 + 19*o - 3 - o**2. What is the units digit of n(17)?
7
Let t = -6 + 8. Suppose -t*o = -5*g + 354 + 80, -3*g = -4*o - 266. Suppose g + 63 = u. What is the tens digit of u?
4
Let x(j) = 133*j + 7386. What is the hundreds digit of x(-49)?
8
Let v(h) = 492*h**2 + 88*h - 361. What is the thousands digit of v(5)?
2
Let x(u) = 13*u - 35. Let s be x(3). Suppose s*v + 0*v - 140 = 0. What is the units digit of v?
5
Let y be 12*-2*(-18)/(-24). What is the tens digit of (-2)/y + -3 + (-5216)/(-36)?
4
Suppose 0 = -2*l - 2*b + 89484, -82338 = -2*l + b + 7131. What is the thousands digit of l?
4
Suppose -30*v - c + 4 = -29*v, 5*c - 20 = 4*v. Suppose v = x - p - 780, 3*p = 5*x - 2790 - 1118. What is the units digit of x?
4
Let h = -5292 - -7259. What is the hundreds digit of h?
9
Let g(a) = 120*a + 35. Suppose 0*k + 3*k - 45 = 0. Let x(j) = -17*j - 5. Let q(l) = k*x(l) + 2*g(l). What is the units digit of q(-2)?
5
Let s be (33/22 - (-11)/(-2)) + 4. Suppose -5*p + 204 + 801 = s. What is the units digit of p?
1
Let w(o) be the third derivative of -o**5/60 + 13*o**4/24 - 7*o**3/2 + 39*o**2. Let g be w(7). What is the units digit of g/6*1744/56?
9
Suppose 2*l - 151 = -3359. What is the units digit of (6 + 108/(-24))/((-6)/l)?
1
Let p be (1397/(-44))/(((-6)/3)/8). Suppose 92 = -p*l + 131*l. Let d(h) = h**2 - 12*h - 1. What is the hundreds digit of d(l)?
2
Let j = -4733 + 7483. What is the hundreds digit of j?
7
Suppose 0 = -7*c - 10 + 66. Suppose -570 = 2*w - c*w. What is the tens digit of w?
9
Suppose -3*k - 6 = 0, -4*s - 4*k + 6270 = -9*k. Suppose 4*m + 4*o = 2084, -35*m + s = -32*m + 5*o. What is the tens digit of m?
2
Suppose -41 = c + 13. Let h = 16 + -2. What is the tens digit of (c/(-21))/(2/h)?
1
What is the hundreds digit of (-31126)/(-18) + (-13)/(-702)*-12?
7
Let k be (-1)/(1 - (-4)/12*-6). What is the units digit of k + ((-1)/(-6) - 21758/(-132))?
6
Suppose 2*s = o + 15172, 5*s + 5*o = 41157 - 3197. Suppose 6*v = -202 + s. What is the hundreds digit of v?
2
Let h = -142 - -249. Let k(q) = -51 + 55*q - h*q + 41*q. What is the tens digit of k(-9)?
4
Let d(v) = -v**2 + 54*v - 147. Let a be d(49). Suppose 0 = 107*b - a*b - 3159. What is the hundreds digit of b?
3
Suppose -71*z = -63*z + 1536. Suppose 6*v = 9*v + 291. Let p = v - z. What is the units digit of p?
5
Suppose 46 = -3*n + 10. Let h be (-2)/n*2 + 128/(-24). Let a(u) = -2*u**2 - 11*u - 1. What is the units digit of a(h)?
4
Suppose -3*f - 29048 = -2*j, 218*f = -5*j + 223*f + 72620. What is the thousands digit of j?
4
Suppose 13*h - 6107 = 1225. Suppose 0 = -559*d + h*d - 3525. What is the tens digit of d?
0
Suppose 5 = -27*t + 28*t. Suppose 5*u - 755 = t*z, 0*z = 3*u - 4*z - 448. What is the hundreds digit of u?
1
Suppose -5*w - 5*n + 178835 = 0, 37*n = -3*w + 42*n + 107285. What is the ten thousands digit of w?
3
Suppose 6*d = 3*d + 69. Let x(h) = d + 33 - 2*h - 25. What is the tens digit of x(9)?
1
What is the thousands digit of 23177/3 - (-7)/63*3 - 2?
7
Let a = -141 + 134. Let k(h) = -2*h**2 - 15*h - 4. Let s be k(a). Suppose -101 = -6*j + j + 2*p, s*j - 42 = -5*p. What is the units digit of j?
9
Let l(b) = 37*b**2 - 19*b + 9. What is the hundreds digit of l(8)?
2
Suppose 8*c - 10*c + 285 = -5*x, 0 = -2*c - 4*x + 240. What is the units digit of (c/(-50))/(4/(-940))?
1
Suppose 399*x - 2*p = 404*x - 53577, 4*x - 2*p = 42840. What is the ten thousands digit of x?
1
Suppose -4695 = 5*c + 5*k, c + 2*k - 1870 = 3*c. What is the units digit of (-4 - c/5)*5?
7
Let d = -476 - -501. Suppose -2*y + 1360 = 2*g, -d*y + 5*g - 680 = -26*y. What is the hundreds digit of y?
6
Let d = 6257 + 1234. What is the hundreds digit of d?
4
Let z(f) = -5114*f**3 - 23*f**2 - 40*f - 6. What is the thousands digit of z(-2)?
0
What is the hundreds digit of (-20548)/(-3) - 910/(-546)?
8
Suppose -126837 + 3029 = -19*w + 15*w + p, 4*p = 0. What is the tens digit of w?
5
Let v(m) = -m - 2. Let i be v(29). What is the tens digit of (-6 + 1)*(i + -22)?
6
Let z(p) = 35*p**2 - 30*p - 44. What is the hundreds digit of z(-17)?
5
Suppose 65*x - 4305 = 62*x - 4*n, 0 = -5*x - 2*n + 7189. What is the thousands digit of x?
1
Let q be (-149 + -2)/(0 - -1). Let s = -150 - q. What is the units digit of s?
1
Let r = -15 - -22. Let c(x) = 6*x - 40. Let a be c(r). Suppose -n = -a*n - 5*d + 66, 198 = 3*n - d. What is the tens digit of n?
6
Let n be 24/36*(-66)/(-4). Suppose -n*q + 1782 - 319 = 0. What is the hundreds digit of q?
1
Let i(g) = 2*g**2 + g - 6. Let j be i(2). Suppose 5*u = -j*u. Suppose u = 7*s - 665 - 364. What is the tens digit of s?
4
Let d be (-8)/((-144)/45) - 2/(-4). Let t(x) = d + 13*x + 6 + 3 - 14. What is the hundreds digit of t(10)?
1
Suppose 8153 = q - v + 2733, 3*v = q - 5418. What is the hundreds digit of q?
4
Suppose -919259 = -37*n + 216086. What is the thousands digit of n?
0
Let t(f) = f**2 + 13*f + 2. Let b be t(-13). Suppose 5*m - a = 16, -2*m = 14*a - 16*a. Suppose -b*c + m*c = 68. What is the tens digit of c?
3
Let g = -23180 - -36414. What is the hundreds digit of g?
2
Let v be 4/(-3)*7/((-28)/60). Let j be (3 + 12/v)/(3/10). Let s(x) = 2*x**2 - 13*x - 12. What is the tens digit of s(j)?
2
Suppose -5*c + 5*i + 56580 = 0, 5*c - 56588 = -161*i + 158*i. What is the ten thousands digit of c?
1
Let m(p) = p**3 - 6*p**2 + 3*p + 12. Let f be m(4). What is the hundreds digit of (9 + 32/f)/(1/25)?
1
Let j(f) = -2*f**3 - f**2 + f - 3. Let b be j(-2). Let p be (-1)/(((-7)/9)/b). Suppose 0 = -3*m + p, s + 3*m - 4 = 4*m. What is the units digit of s?
7
Suppose 0 = 3*s - 5*d - 29144 - 1976, 2*d = s - 10373. What is the tens digit of s?
7
Let m(x) = x**3 + 12*x**2 - x + 40. Let g(j) = 3*j**3 + 25*j**2 - 2*j + 78. Let o(f) = -2*g(f) + 5*m(f). What is the tens digit of o(9)?
1
Let t be (1/5*-8)/(14/(-35)). Suppose t*h = 4*o - 2472, -608 = 6*o - 7*o - h. What is the tens digit of o?
1
Suppose -5*j - 18442 = -3*a, 0 = 4*a + 4*j - 6315 - 18285. What is the tens digit of a?
4
Suppose -80*d = -109*d. Suppose -3094 = -3*x + 2*p, d = -5*x - 8*p + 6*p + 5162. What is the tens digit of x?
3
Let d be ((-108)/(-54))/(2*(-1)/(-3)). Let p(a) = 27*a**3 + 4. What is the hundreds digit of p(d)?
7
Let q(k) = 2*k**2 + 41*k - 14. Let o be q(-21). What is the units digit of 3 + 3/o + (-23548)/(-49)?
4
Suppose 0 = 4*v - 6*v - 336. Let y be -3 + 0 + v/(-12). Suppose -y*b + 90 = -6*b. What is the tens digit of b?
1
Let i be (-11)/(88/16) + -1 + -3. Let v(s) = s**2 - 4*s - 13. Let o be v(i). What is the tens digit of o + -2 + (0 - 2)?
4
What is the tens digit of (-76)/(-19)*4839/6?
2
Suppose 2*g + 4*k - 8*k + 4 = 0, 5*g - 5*k = 5. Let v(h) be the first derivative of 3*h**4/4 - 2*h**3 + h**2 - 3*h + 6. What is the hundreds digit of v(g)?
1
Let o(j) = -9*j - 67. Let m be o(-8). Suppose -2*n = -4*f - 3043 + 9473, -15 = -m*n. What is the tens digit of f?
0
Suppose 0 = -2*b + 555 + 171. Let d = 575 - b. What is the units digit of (3*d/6)/(2 - 0)?
3
What is the tens digit of -3 + (8 + 1554/(-35))*-5?
7
Let b(w) = 2*w**3 + 10*w**2 - 13*w - 4. Let d be b(-6). Suppose i - 3414 = -d*i. Suppose 350 + i = 6*o. What is the tens digit of o?
4
Suppose 4*t = -2*h + 31 - 1, 0 = t - 4*h - 3. Suppose 11*k = t*k - 260. Let y = -37 - k. What is the units digit of y?
8
Let c(x) = -x - 3. Let s be c(-4). What is the tens digit of (4/(-10))/(s*2/(-110))?
2
Let p(t) = 99*t + 2. Let u be p(2). Suppose -j + u = 664. What is the hundreds digit of j/6*3/(-2)?
1
Let d(l) = -l**3 + l**2 + 29*l - 6. Let t be d(6). Let n(j) = 2*j**2 - 12*j - 10. What is the hundreds digit of n(t)?
4
Suppose -w - 2*f = -1634, 4*w - 18*f - 6551 = -21*f. Suppose 19*k - 792 - w = 0. What is the tens digit of k?
2
Let t(y) = -25 - 15 - 10 + 6 + 69*y. What is the hundreds digit of t(7)?
4
Let c(g) = g**3 - 4*g**2 - 23*g - 1. Suppose n - 5 - 37 = 0. Suppose -n = -4*b - 6. What is the hundreds digit of c(b)?
1
Let i(y) = 17*y + 37. Let h be i(-2). Suppose 2*z - 732 = 5*s - 3680, -h*s - 4*z + 1748 = 0. What is the units digit of s?
8
Let j = -3 - -25. Suppose 0 = j*n - 5177 - 3073. What is the tens digit of n?
7
Let p(q) = -21*q**2 - q + 1. Let s be p(1). Let w = 67 + -68. What is the units digit of 688/14 + w*(-3)/s?
9
Let a = 432 - 436. What 